alculate the highest common divisor of y and q.
6
Let c be (41/123)/((-1)/(-336)). What is the greatest common divisor of c and 48?
16
Let p(g) = 2*g**2 - 12*g + 7. Let w be p(5). Let x be (w + -8)*(-3 + -2 + -1). Let c = -43 + 87. Calculate the greatest common divisor of x and c.
22
Suppose -3*h = 5*f - 0*h + 2, 4*h = -4*f - 8. Suppose -f*k = 6 - 38. Suppose 616 = 5*l + 576. What is the greatest common factor of k and l?
8
Suppose -2*j - 5*l = -3*l - 8, 3*j + 4*l - 10 = 0. Let i = -6891 + 7029. What is the greatest common factor of i and j?
6
Let l(q) = 50*q**3 - 2*q - 1. Let k be l(-1). Let h = k + 61. Let n = h - -3. What is the greatest common factor of n and 15?
15
Suppose -45*l + 3*r = -44*l - 305, -3*r = 4*l - 1250. Calculate the highest common divisor of 79616 and l.
311
Let j(b) be the third derivative of 0 - 2/3*b**3 + 26*b**2 + 0*b + 1/24*b**4. Let h be j(14). What is the greatest common divisor of h and 80?
10
Let f be ((-15)/2)/((-65)/26 + 2). Let r(j) = j**3 - 17*j**2 + 7*j - 29. Let x be r(17). What is the highest common divisor of f and x?
15
Let l = -231 + 229. Let a be ((-33)/15 - -2)/(l/50). Calculate the greatest common divisor of 1 and a.
1
Suppose 0 = -4*w - 3*x + 501, 179 = 4*w + 2*x - 323. What is the greatest common factor of w and 99?
9
Suppose c - 356 = -2*z, z - 147 = 2*c + 41. Calculate the highest common divisor of 6840 and z.
180
Let c(r) = -343*r + 2. Let m be c(0). What is the highest common divisor of m and 82?
2
Let m(q) be the third derivative of 17/3*q**3 + 18*q**2 - 1/12*q**4 + 0 + 0*q. Let s be m(9). What is the greatest common divisor of s and 8?
8
Let m = 705 + -613. Suppose m + 304 = 5*t + 2*f, f = 5*t - 387. What is the greatest common factor of 442 and t?
26
Suppose 0 = -8*q + 585 + 55. Suppose -4*z = -m + z + 31, 3*m - 2*z = q. Calculate the highest common factor of m and 416.
26
Let b be (-76 - 0)/(1/(-3)). Let v be (6 - 250/(-15))/((-3)/9). Let k = b + v. Calculate the greatest common divisor of k and 20.
20
Let f be -14*(-9)/693 - 417464/(-44) - 6. What is the greatest common divisor of 66 and f?
22
Suppose -89*u + 232416 + 335404 = 0. What is the greatest common divisor of u and 22?
22
Suppose 28*p - 25*p = 81. Let i be (1*3)/(p/45) + -1. Suppose 0 = -i*l + 34 + 90. Calculate the greatest common divisor of 217 and l.
31
Suppose 2*n - 7*n = 25, -5*z + 65 = -2*n. Suppose -z*m + 1872 = 2*m. What is the greatest common divisor of 16 and m?
16
Let n(s) = 2*s**2 + 5*s - 15. Let p be n(-6). Suppose 5*m - p = 113. Let i be 2 + (-20)/8 + (-282)/(-4). Calculate the highest common divisor of i and m.
14
Suppose 20 = 3*k - 4. Let a be (-90)/(-5) - (9 + -4). Suppose -n + k = h, 4*n = -n + 4*h + a. What is the greatest common divisor of n and 2?
1
Let y be ((-240)/(-50))/(3/10). Suppose y*x + 80 - 704 = 0. Calculate the greatest common factor of 351 and x.
39
Let w(f) = 20 + 4*f - 5*f - 27. Let d be w(-5). Let p be (-6 - -8) + d/(-1) + 101. Calculate the highest common divisor of p and 35.
35
Let s be 6/210*7*0. Let h(u) = u + 36. Let c be h(s). Suppose -4*q + 200 = 4*i, q - 9 - 61 = 4*i. What is the greatest common factor of c and q?
18
Let p be (-2)/(-1) - 0/(-8). Suppose -4*m + 200 = 4*f, -p*m - 5*f + 42 = -46. What is the highest common factor of 6 and m?
6
Suppose -3*z + 66 = s, 36*z = -5*s + 34*z + 382. Let o(p) = 2*p**2 + 8*p - 3. Let y be o(-7). Calculate the highest common factor of y and s.
39
Let t be 3/9*(-5 - 4*-8). Suppose t*x - 28 = 2*x. Let f = x - -2. Calculate the highest common factor of f and 27.
3
Suppose 145*f - 1918 = 234 + 2923. What is the greatest common factor of f and 10745?
35
Let w(r) = r**2 + 9*r + 25. Let s be w(-6). Let t = 76 + -73. Suppose 59 = 8*x + t. What is the highest common factor of x and s?
7
Let v = -15529 + 15616. What is the greatest common divisor of v and 1856?
29
Let m be 18/24 - ((-6266)/(-10))/((-116)/145). Calculate the greatest common divisor of m and 12.
4
Let y(b) be the third derivative of b**5/20 + 23*b**4/12 - 3*b**3 + 246*b**2. Let x be y(11). What is the highest common factor of x and 37?
37
Suppose 2*x - 5*t + 175 = 6*x, -3*t - 3 = 0. Let m(u) = -11*u + 206. Let z be m(16). What is the highest common factor of x and z?
15
Suppose 251*s = -3*f + 254*s + 9291, -2*s + 6206 = 2*f. Calculate the highest common divisor of f and 25.
25
Suppose 0 = 2*c + 3*f - 3665, -4*c + 3*f = -185 - 7190. Calculate the greatest common factor of 40 and c.
40
Let o be -12 + (1 - (3 - 2)) + 4. Let f be (-16855)/(-20) - (2 + 0)/o. Suppose 6*h - 93 = f. What is the highest common factor of 12 and h?
12
Suppose -27 = -5*v + 123. Let j(q) = 2*q**2 - 6*q + 9. Let k be j(6). Let f = k - v. Calculate the greatest common factor of f and 105.
15
Suppose -5*o + 6935 = -x, -942*x = -o - 941*x + 1391. Calculate the highest common divisor of 374 and o.
22
Let p(z) = 40*z**3 - 7*z**2 - 30*z + 31. Let w be p(8). What is the greatest common factor of w and 86?
43
Suppose -2*m = 5*j - 37 - 11, -j + 2*m + 12 = 0. What is the highest common factor of 625 and j?
5
Suppose -111*i + 121*i - 840 = 0. Suppose 71*b + 1989 = i*b. What is the highest common factor of 408 and b?
51
Let d be (-4)/(-14) + 318/14. Let v(u) = -619*u + 1422. Let n be v(2). Calculate the highest common divisor of n and d.
23
Suppose -5*q = -y - 59, 4*q = -4*y - q - 161. Let n = -9 - y. Let m = -166 - -180. What is the greatest common divisor of m and n?
7
Let u be 42*(-1)/(-4)*(2 - 12). Let p = u + 178. Suppose -4*x - p = -241. Calculate the highest common divisor of 105 and x.
21
Let m(k) = k**3 + 27*k**2 + 69*k - 68. Let j be m(-24). Let t be (-299)/65 + j/(-10) + 269. What is the greatest common factor of 12 and t?
12
Let g(z) = 171*z**2 + 49*z + 2. Let x be g(-2). Calculate the highest common factor of x and 420.
84
Let b be (2 - -119) + (-2 - -1). Suppose -b = -2*n + 76. Suppose 0 = d - 5*m + 6 - 0, 38 = 3*d - m. Calculate the greatest common factor of n and d.
14
Let a be (-2)/(-6)*(-2 + 5). Suppose 3*o - 26 - a = 0. Suppose 5*r = o + 11. What is the highest common divisor of r and 16?
4
Let a = -37 + 44. Suppose 0 = -a*y + 16 - 58. Let j be ((-12)/(-10) + -3)/(y/20). What is the highest common divisor of j and 9?
3
Suppose 155*u - 269 = 2831. What is the highest common divisor of u and 116?
4
Let k = -5 - -5. Suppose w - 56 = -5*n, 16 = 7*n - 4*n + 5*w. Suppose -s - 3*s + 49 = q, k = 4*q + n. What is the greatest common divisor of s and 39?
13
Suppose -4*w + 5*q = -0*q - 309, 2*q - 274 = -4*w. Suppose 211 = 7*y + w. What is the highest common factor of 44 and y?
4
Suppose 6*a - 5*a = 2. Suppose 3*k = 3*t - 33, -27 = -t - a*k - 7. Let g be 12/t*-42*(-3)/2. What is the greatest common factor of 6 and g?
6
Suppose 0 = 3*u - 3, 2*f + 42 = 4*f - 2*u. Let i = 165 + f. Suppose -26 = -2*y + y + 3*b, -53 = -4*y - 5*b. What is the highest common divisor of i and y?
17
Suppose 3*m - 63 - 42 = 0. Let t(u) = -3*u + 29. Let d be t(0). Suppose d = r + 5*c - 2*c, -113 = -3*r + 4*c. Calculate the highest common divisor of m and r.
35
Let h(d) = 7*d - 2. Let g be h(-2). Let s(x) = -7*x + 287*x**3 - 288*x**3 + 14*x + 25 - 15*x**2. Let q be s(g). What is the highest common factor of 13 and q?
13
Let n be 1/((6/(-8))/((-168)/32)). Suppose g + 126 = n*g. Calculate the highest common divisor of g and 84.
21
Suppose -2*w - 5*q = 9, -4*w + 6 = 5*q + 9. Suppose -w*a + 88 + 29 = 0. What is the greatest common divisor of a and 52?
13
Let m = 35 + 1. Let u be (m/(-24))/((-2)/56). Suppose -3*g = -u - 12. What is the highest common factor of g and 6?
6
Suppose 0 = -c + 5*u + 1144 + 1454, -2*c = 3*u - 5209. What is the greatest common divisor of 38 and c?
19
Let c(k) = 5*k + 3 + 0*k**2 + k**2 + k**2. Suppose 6*z + 9 + 27 = 0. Let q be c(z). What is the greatest common factor of q and 30?
15
Suppose 967 = -16*z + 51*z + 372. Let l(h) = -h**2 + 13 - 3*h**2 + 3*h**2 + 18*h. Let k be l(z). Calculate the greatest common divisor of 20 and k.
10
Let b(q) = -q**3 + 77*q**2 + 77*q + 85. Let v be b(78). What is the highest common factor of v and 4109?
7
Let d be 3 - (0 - 112) - 13. What is the greatest common divisor of 6528 and d?
102
Let p = 93 + -90. Let u be (8/28)/(p - (-80)/(-28)). Let v be 15/u*(-3 + (-327)/(-9)). What is the highest common divis